alue of -1 + -1 + -16 + 6?
-12
What is the value of -8 + 9 - (5 + -6 + -3 - -7)?
-2
Calculate -27 - (-1 + -3 + 4 + 2 - 5).
-24
What is the value of (-9 + (2 - 4 - 8) - -5) + -6?
-20
Calculate 11 + (4 - 1 - -4) + -10 + 16.
24
Evaluate (113 - 115) + 0 + -2 + 1 + -1.
-4
Calculate 3 - -1 - (-24 + 6 - -13).
9
Evaluate -13 + (2 + 4 - (-12 - (-17 - -5))).
-7
Evaluate 28 - (-16 - -25 - -35).
-16
What is 7 + -2 + (4 - (-3 - -6))?
6
What is the value of 12 - (2 - -21) - -16?
5
0 + 0 + 7 + (-66 - -20 - -49)
10
What is the value of 6 - (9 - (4 - (1 - -6) - -8))?
2
What is 5 + -25 - (2 + -26)?
4
Calculate -29 + 24 - 25 - -8.
-22
Evaluate 5 + (0 - 0) + -7 + 1.
-1
204 + -182 + -5 + -1 + 5
21
Calculate -369 - -411 - (22 - 2).
22
What is 0 - 4 - (993 - 989)?
-8
Calculate 0 + 12 + 9 + -5 + -48.
-32
What is the value of 8 + (-18 - -17) + (15 - 2 - -2)?
22
Evaluate (-3 - -1 - -1) + (0 - 3 - -9).
5
2 - 0 - ((-8 - -8) + 11 - -2)
-11
What is the value of 26 + -49 + -12 + 40?
5
What is the value of -7 + 13 + -7 - -2?
1
Calculate -1 + 2 - (14 + (-3 - (-2 - 3))).
-15
Evaluate 10 + 2 - (30 + -45 + 35).
-8
Calculate 21 - -12 - 12 - 52.
-31
-3 + -6 + (-9 - (-19 - -7)) - -12
6
What is -5 - -3 - (18 + -6)?
-14
What is the value of -3 + 1 + 0 - (-2 - -2)?
-2
6 - (0 + (9 - 5) + -12)
14
What is 6 + -54 + 46 + -21?
-23
Calculate (10 - (-2 - -16)) + -11.
-15
Evaluate (6 + -11 + 8 - -1) + 11.
15
Evaluate (0 + 0 + -2 - -8) + -9.
-3
What is the value of 0 - 14 - -3 - (-16 - -15)?
-10
Evaluate -13 + 22 + 4 + -6.
7
Evaluate -7 - (-166 - -164 - (1 - (-1 + -4))).
1
Evaluate -3 - (6 + -3 + -16 + 1 + 9).
0
10 + (-10 - -13) - (2 - -4)
7
Evaluate 2 - (-14 - -2 - -8 - -16).
-10
What is (0 + 0 + 2 - 3) + 65 + -62?
2
What is (2 - 1) + -4 - (84 - 74)?
-13
Calculate -21 + 10 + 22 - (6 + 2 + -4).
7
Calculate -6 + (5 + -12 + 7 - -6).
0
Calculate 4 + (-3 - (-2 + -7)) + -5 - 7.
-2
What is 0 + -1 + -3 - 3 - (19 - 19)?
-7
Calculate -1 + (13 - 19 - (2 + -7)).
-2
Calculate (0 - -7) + -23 + 8 - 6.
-14
Calculate 9 + -12 - -12 - 6 - (-5 + 5).
3
0 - ((3 - -25) + -18)
-10
What is the value of 34 - (12 - (6 - -1 - (-31 - -34)))?
26
-5 - -10 - (19 + -11 + 4)
-7
5 - ((-8 - (-9 - (-12 - -11))) + 24)
-19
-1 + -1 + -173 + 156 + 14
-5
Calculate -4 + (0 - 0 - (6 + 21 + -18)).
-13
What is the value of -7 - (1 - 11) - -13?
16
What is -2 + 8 + 4 + (-26 - -11)?
-5
What is the value of 17 - (7 + 34 + -13) - 17?
-28
-31 - 1 - (44 + -112)
36
What is the value of (-2 + -1 - (19 + 3)) + (79 - 75)?
-21
Calculate (2 - (-9 + -1)) + (583 - 592).
3
Evaluate 19 - (16 - (2 + 18)).
23
What is the value of -4 + (-2 + 9 - (3 + 21))?
-21
What is 21 - (-2 - -42) - -4?
-15
What is (-2 - 12) + (18 - -45 - 37)?
12
What is -2 + (-20 - ((14 - 7) + -8) - -5)?
-16
8 + -6 + (18 + -9 - 43) - 3
-35
What is -1 + 8 + (-41 + 39 - (-3 - 3))?
11
What is the value of -7 - (-1 - 0) - (266 + -260)?
-12
4 + (-1 + -4 - (5 - 0)) + 1
-5
Calculate 5 - (19 - 20 - (4 + 3)).
13
What is -2 + 30 + 15 + -38?
5
Calculate -9 + 10 + -8 + -2 - 1.
-10
Evaluate -15 + (6 - -7) + 7.
5
Evaluate 6 - (2 + (24 - 7)) - -10.
-3
What is the value of -13 + 15 - (21 + -21)?
2
What is 1 - -11 - ((-18 - -24) + -8)?
14
Evaluate -5 + (-5 - (-5 - (-5 + 3) - -3)).
-10
Evaluate (-118 - -153) + -8 + -5.
22
-14 + -8 + -4 + 23 + 3
0
(-1 - (18 + -2)) + (28 + -32 - -11)
-10
Calculate 940 + -970 - (1 + 1 - (4 + -7)).
-35
What is 1329 - 1312 - (27 + -1)?
-9
Calculate 1 + 15 + 2 + 21 + -25.
14
Calculate -1 + (9 - (-3 - -23) - -6) + 10.
4
What is 2 - ((2 - 6) + -142 + 141)?
7
Calculate (9 - 14) + (39 - 26) - 32.
-24
Calculate -14 - -22 - (-16 + 7 - -7).
10
-12 + -20 + 48 + -7
9
Calculate -3 + -13 + 1 + 86 + -86.
-15
What is the value of 6 - ((-2 + 8 - 15) + 5)?
10
What is the value of (25 - 24) + -5 + 1?
-3
What is the value of 6 + -1 + -11 + -6 + -16 + -7?
-35
-1 + (5 - (-4 + 11)) + (-2 - 1)
-6
-15 - (-10 + (9 - 5))
-9
What is -20 + -14 + 13 + 7?
-14
(-16 - (-18 - -9) - -3) + -1
-5
Evaluate 26 - (1 - -5 - (10 - 36 - -41)).
35
(-3 + -3 - (-4 - -2)) + -6
-10
What is the value of -7 - (-30 + (11 - 1))?
13
What is 3 - -5 - 7 - 0 - 8 - 2?
-9
Evaluate (-54 - (-3 - 11)) + 17 - 10.
-33
7 - ((0 - -4 - 6) + -17 + 20)
6
Calculate 2 - ((-184 - -172) + (25 - -1)).
-12
What is 5 - (20 - (-12 - (-15 + -6)))?
-6
What is 2 + -11 + 1 + -3 + 335 + -334?
-10
(-11 - (-1 + -3)) + -1 + -3 + 11
0
(14 - 15) + 6 + (10 - 7)
8
-22 - 0 - (-664 - -642)
0
Calculate (2 - -13 - 30) + -1 + -4.
-20
Calculate 20 + -44 - (2 + -1).
-25
(-455 - -442) + (26 - (-1 + -1))
15
Calculate -14 + 6 - (-8 + (22 - 7 - 7)).
-8
Evaluate 50 - 70 - (8 + -1 + 0 + 5).
-32
Evaluate 4 + 2 + -11 + 5.
0
Calculate (-21 - 20) + 27 - (-7 - 1).
-6
(2 - 19) + -43 + 35
-25
What is -11 - (-3 + 2) - -1 - -5 - -1?
-3
Calculate -756 + 732 - (-23 - -1).
-2
What is (21 - (24 - -14)) + 7 - (-34 - 0)?
24
What is the value of (5 - 3 - 0 - 4) + 3?
1
(12 - 0) + -289 + 259
-18
What is (7 - (0 - -7) - (2 - 2)) + -3?
-3
(22 + -27 - -3) + (-13 - (5 + -3))
-17
Evaluate 23 + (1 - 15) + 5.
14
What is 13 + -40 - -18 - 2?
-11
What is -249 + 238 + -2 + 1 + -13?
-25
Calculate (-8 - (16 + -21)) + (2 - 22).
-23
What is 30 + 21 + -2 + -76?
-27
What is (0 - -10) + (19 - (5 + 12))?
12
(0 - -9) + -4 + 4
9
Calculate 82 - 62 - (6 + -1) - 8.
7
What is (17 - 9) + 8 + -2 + -14 + 4?
4
Evaluate 48 + -47 + (-1 - 12) - -5.
-7
What is the value of -16 - (25 - 27 - (-2 - -5))?
-11
-15 - -2 - 0 - (-1562 + 1571)
-22
265 + -258 + -11 + -1 - (2 + -5)
-2
What is the value of (-9 - 1 - -24) + -10 - (-1 + 2)?
3
Calculate (-6 - -2 - 0) + -1 + -4 + 5.
-4
What is the value of 20 + (-10 - (10 + -10)) + 9 + -9?
10
3 + -4 - -9 - (9 + -9) - -5
13
What is -4 - (-1 + (-23 - 2 - -7)) - 1?
14
What is (-21 - (-1 - 6)) + 17 - (6 - 1)?
-2
Calculate 9 + (-4 - 7) + -2.
-4
Evaluate -18 - (-1 + -11 + 8).
-14
Calculate -12 - (-4 - (-8 - -4)).
-12
Calculate -2 - (13 - 4 - (15 - 7) - 5).
2
(5 - 1 - (-40 + 49)) + (7 - -16)
18
Calculate -32 + (25 - (5 + 6)).
-18
4 + 13 + 0 + -5
12
What is the value of (-1 - 0) + (-87 - -72)?
-16
Evaluate (61 - 60) + 0 + 14.
15
Evaluate -7 - (13 - 25) - (4 - (3 + 4)).
8
Evaluate -9 + 2 + -2 + 1 + (1 - -3).
-4
What is -1 + -5 - (6 + -13) - 5 - -1?
-3
Evaluate 360 + -367 - (-2 + (-1 - -5)).
-9
Evaluate 359 + -358 + -2 + 2 + 2 + 0.
3
What is -19 - (2 + -10 - (19 - 28))?
-20
What is -3 - ((-4 - 7) + 2)?
6
What is the value of -2 + (7 - (7 - (-11 + 5)))?
-8
Evaluate 106 - 69 - (21 + 0).
16
-13 + 4 + ((-3 - 2) + 1 - -4)
-9
What is (1 - -1 - 0 - (282 + -278)) + 4?
2
What is the value of 13 + 8 + -11 - -3?
13
Evaluate (27 - 32) + (4 - (-4 + -34)) + -3.
34
Calculate (-9 - (-37 - -24)) + (-1 - -13).
16
What is 35 - 13 - 9 - 26 - -36?
23
Evaluate 11553 + -11567 + 7 + -1 + (0 - 0).
-8
What is the value of 11 + -28 + (8 - -1) + 4?
-4
(29 - (23 + -10)) + -21 + 13
8
Evaluate 17 - (9 + (-2 - -2) + -1) - 27.
-18
What is the value of 5 - (3 - 2) - (-6 + -2 + 12)?
0
What is the value of -15 + 20 + -9 - -3?
-1
What is 7 + 6 + -7 + -1 + (0 - 7)?
-2
Evaluate 20 - -2 - 17 - (5 + -2).
2
(11 - (21 - 17)) + -9 + (5 - 2)
1
What is 2 + 7 - (-3 + 1 + 13)?
-2
What is the value of 1 - 7 - (-12 - 21 - -21)?
6
Evaluate 6 + 6 + -2 + -15 - (6 + 2).
-13
Evaluate -3 - 0 - (-27 - (1 + -20)).
5
Calculate 0 + (2 - 5) + 3 + -61 + 57.
-4
(30 - 29) + (0 - -1) + 1 + -1
2
Calculate -36 + 35 + (-18 - -16 - (-19 + 0)).
16
What is the value of (-36 - (37 - 78)) + 14?
19
Evaluate -1 + -5 + -1 + (7 + -8 - -7).
-1
(-20 - -17) + (-2 - 5) - -16
6
Calculate (-19 - (-9 - -5) - -6) + 11.
2
Calculate (-11 - -29) + -16 + 6.
8
What is the value of 16 + -22 + (3 - (5 + 3 + -4))?
-7
Calculate 1 + (4 - 0 - (-42 + 36)) + 20.
31
Evaluate 2 + -1 + (-6 - -56 - (19 + -3)).
35
Calculate (8 - 8 - 5) + (6 - 3).
-2
(-21 - -19 - (-4 - -16)) + 3 + 9
-2
-15 - (5 + (1 + -2 - (29 + -28)))
-18
6 - ((0 - (-7 - -7)) + 1)
5
What is the value of 15 - (-56 + 30) - 42?
-1
What is the value of (-1 - (-1 - 1)) + -2 + 2?
1
58 + (-26 - (-2 + 7))
27
What is (10 - 2 - (-2 - -2 - -5)) + -4?
-1
(5 - (14 - 12)) + (2 - (-5 - -3))
7
What is the value of -12 - (-26 + 13 + -12)?
13
What is 34 - 25 - (0 + (1 - -6))?
2
Calculate 8 - ((-6 - -7) + 1 + -1).
7
What is the value of (-15 - -21) + 5 + -5?
6
What is the value of 17 + (0 + 0 - (11 - 15) - 6)?
15
What is (59 - 57) + (-4 - 7)?
-9
